{"id":17,"date":"2023-03-14T21:33:53","date_gmt":"2023-03-14T21:33:53","guid":{"rendered":"http:\/\/ge401-402.bilkent.edu.tr\/falafel\/?page_id=17"},"modified":"2023-05-03T13:26:10","modified_gmt":"2023-05-03T13:26:10","slug":"biz-kimiz","status":"publish","type":"page","link":"http:\/\/ge401-402.bilkent.edu.tr\/falafel\/?page_id=17","title":{"rendered":"Our Team"},"content":{"rendered":"\n<hr class=\"wp-block-separator has-alpha-channel-opacity is-style-wide\"\/>\n\n\n\n<div style=\"height:9px\" aria-hidden=\"true\" class=\"wp-block-spacer\"><\/div>\n\n\n\n<div class=\"wp-block-columns is-layout-flex wp-container-core-columns-is-layout-1 wp-block-columns-is-layout-flex\">\n<div class=\"wp-block-column is-layout-flow wp-block-column-is-layout-flow\">\n<figure class=\"wp-block-image size-large is-resized\"><img loading=\"lazy\" decoding=\"async\" src=\"http:\/\/ge401-402.bilkent.edu.tr\/falafel\/wp-content\/uploads\/2023\/04\/WhatsApp-Image-2023-04-28-at-14.50.07-1-e1682684929908-886x1024.jpeg\" alt=\"\" class=\"wp-image-128\" width=\"242\" height=\"279\" srcset=\"http:\/\/ge401-402.bilkent.edu.tr\/falafel\/wp-content\/uploads\/2023\/04\/WhatsApp-Image-2023-04-28-at-14.50.07-1-e1682684929908-886x1024.jpeg 886w, http:\/\/ge401-402.bilkent.edu.tr\/falafel\/wp-content\/uploads\/2023\/04\/WhatsApp-Image-2023-04-28-at-14.50.07-1-e1682684929908-260x300.jpeg 260w, http:\/\/ge401-402.bilkent.edu.tr\/falafel\/wp-content\/uploads\/2023\/04\/WhatsApp-Image-2023-04-28-at-14.50.07-1-e1682684929908-768x887.jpeg 768w, http:\/\/ge401-402.bilkent.edu.tr\/falafel\/wp-content\/uploads\/2023\/04\/WhatsApp-Image-2023-04-28-at-14.50.07-1-e1682684929908.jpeg 1280w\" sizes=\"(max-width: 242px) 100vw, 242px\" \/><\/figure>\n\n\n\n<h4 class=\"wp-block-heading has-text-align-center\">Hande <br>Or<\/h4>\n\n\n\n<p class=\"has-text-align-center\">Strategy &amp; Business Development Responsible<\/p>\n<\/div>\n\n\n\n<div class=\"wp-block-column is-layout-flow wp-block-column-is-layout-flow\"><div class=\"wp-block-image\">\n<figure class=\"aligncenter size-large is-resized\"><img loading=\"lazy\" decoding=\"async\" src=\"http:\/\/ge401-402.bilkent.edu.tr\/falafel\/wp-content\/uploads\/2023\/04\/WhatsApp-Image-2023-04-28-at-15.23.17-e1682684713967-876x1024.jpeg\" alt=\"\" class=\"wp-image-126\" width=\"242\" height=\"282\" srcset=\"http:\/\/ge401-402.bilkent.edu.tr\/falafel\/wp-content\/uploads\/2023\/04\/WhatsApp-Image-2023-04-28-at-15.23.17-e1682684713967-876x1024.jpeg 876w, http:\/\/ge401-402.bilkent.edu.tr\/falafel\/wp-content\/uploads\/2023\/04\/WhatsApp-Image-2023-04-28-at-15.23.17-e1682684713967-257x300.jpeg 257w, http:\/\/ge401-402.bilkent.edu.tr\/falafel\/wp-content\/uploads\/2023\/04\/WhatsApp-Image-2023-04-28-at-15.23.17-e1682684713967-768x897.jpeg 768w, http:\/\/ge401-402.bilkent.edu.tr\/falafel\/wp-content\/uploads\/2023\/04\/WhatsApp-Image-2023-04-28-at-15.23.17-e1682684713967.jpeg 1140w\" sizes=\"(max-width: 242px) 100vw, 242px\" \/><\/figure><\/div>\n\n\n<h4 class=\"wp-block-heading has-text-align-center\">Utku <br>Duruer<\/h4>\n\n\n\n<p class=\"has-text-align-center\">Strategy &amp; Business Development Responsible<\/p>\n<\/div>\n\n\n\n<div class=\"wp-block-column is-layout-flow wp-block-column-is-layout-flow\"><div class=\"wp-block-image\">\n<figure class=\"aligncenter size-large\"><img loading=\"lazy\" decoding=\"async\" width=\"875\" height=\"1024\" src=\"http:\/\/ge401-402.bilkent.edu.tr\/falafel\/wp-content\/uploads\/2023\/05\/WhatsApp-Image-2023-04-28-at-14.50.19-e1683104220480-875x1024.jpeg\" alt=\"\" class=\"wp-image-140\" srcset=\"http:\/\/ge401-402.bilkent.edu.tr\/falafel\/wp-content\/uploads\/2023\/05\/WhatsApp-Image-2023-04-28-at-14.50.19-e1683104220480-875x1024.jpeg 875w, http:\/\/ge401-402.bilkent.edu.tr\/falafel\/wp-content\/uploads\/2023\/05\/WhatsApp-Image-2023-04-28-at-14.50.19-e1683104220480-256x300.jpeg 256w, http:\/\/ge401-402.bilkent.edu.tr\/falafel\/wp-content\/uploads\/2023\/05\/WhatsApp-Image-2023-04-28-at-14.50.19-e1683104220480-768x899.jpeg 768w, http:\/\/ge401-402.bilkent.edu.tr\/falafel\/wp-content\/uploads\/2023\/05\/WhatsApp-Image-2023-04-28-at-14.50.19-e1683104220480-1312x1536.jpeg 1312w, http:\/\/ge401-402.bilkent.edu.tr\/falafel\/wp-content\/uploads\/2023\/05\/WhatsApp-Image-2023-04-28-at-14.50.19-e1683104220480.jpeg 1325w\" sizes=\"(max-width: 875px) 100vw, 875px\" \/><\/figure><\/div>\n\n\n<h4 class=\"wp-block-heading has-text-align-center\">Taha Bahad\u0131r<br>Erayman<\/h4>\n\n\n\n<p class=\"has-text-align-center\">Strategy &amp; Business Development Responsible<\/p>\n<\/div>\n<\/div>\n\n\n\n<div class=\"wp-block-columns is-layout-flex wp-container-core-columns-is-layout-2 wp-block-columns-is-layout-flex\">\n<div class=\"wp-block-column is-layout-flow wp-block-column-is-layout-flow\">\n<figure class=\"wp-block-image size-large\"><img loading=\"lazy\" decoding=\"async\" width=\"917\" height=\"1024\" src=\"http:\/\/ge401-402.bilkent.edu.tr\/falafel\/wp-content\/uploads\/2023\/05\/WhatsApp-Image-2023-04-28-at-14.50.21-1-e1683120341685-917x1024.jpeg\" alt=\"\" class=\"wp-image-151\" srcset=\"http:\/\/ge401-402.bilkent.edu.tr\/falafel\/wp-content\/uploads\/2023\/05\/WhatsApp-Image-2023-04-28-at-14.50.21-1-e1683120341685-917x1024.jpeg 917w, http:\/\/ge401-402.bilkent.edu.tr\/falafel\/wp-content\/uploads\/2023\/05\/WhatsApp-Image-2023-04-28-at-14.50.21-1-e1683120341685-269x300.jpeg 269w, http:\/\/ge401-402.bilkent.edu.tr\/falafel\/wp-content\/uploads\/2023\/05\/WhatsApp-Image-2023-04-28-at-14.50.21-1-e1683120341685-768x858.jpeg 768w, http:\/\/ge401-402.bilkent.edu.tr\/falafel\/wp-content\/uploads\/2023\/05\/WhatsApp-Image-2023-04-28-at-14.50.21-1-e1683120341685-1376x1536.jpeg 1376w, http:\/\/ge401-402.bilkent.edu.tr\/falafel\/wp-content\/uploads\/2023\/05\/WhatsApp-Image-2023-04-28-at-14.50.21-1-e1683120341685.jpeg 1536w\" sizes=\"(max-width: 917px) 100vw, 917px\" \/><\/figure>\n\n\n\n<h4 class=\"wp-block-heading has-text-align-center\">Ahmet Tuna<br>Baykal<\/h4>\n\n\n\n<p class=\"has-text-align-center\">Product Developer<\/p>\n<\/div>\n\n\n\n<div class=\"wp-block-column is-layout-flow wp-block-column-is-layout-flow\">\n<figure class=\"wp-block-image size-large is-resized\"><img loading=\"lazy\" decoding=\"async\" src=\"http:\/\/ge401-402.bilkent.edu.tr\/falafel\/wp-content\/uploads\/2023\/05\/WhatsApp-Image-2023-04-28-at-14.50.20-e1683120085526-930x1024.jpeg\" alt=\"\" class=\"wp-image-144\" width=\"255\" height=\"280\" srcset=\"http:\/\/ge401-402.bilkent.edu.tr\/falafel\/wp-content\/uploads\/2023\/05\/WhatsApp-Image-2023-04-28-at-14.50.20-e1683120085526-930x1024.jpeg 930w, http:\/\/ge401-402.bilkent.edu.tr\/falafel\/wp-content\/uploads\/2023\/05\/WhatsApp-Image-2023-04-28-at-14.50.20-e1683120085526-273x300.jpeg 273w, http:\/\/ge401-402.bilkent.edu.tr\/falafel\/wp-content\/uploads\/2023\/05\/WhatsApp-Image-2023-04-28-at-14.50.20-e1683120085526-768x845.jpeg 768w, http:\/\/ge401-402.bilkent.edu.tr\/falafel\/wp-content\/uploads\/2023\/05\/WhatsApp-Image-2023-04-28-at-14.50.20-e1683120085526.jpeg 1231w\" sizes=\"(max-width: 255px) 100vw, 255px\" \/><\/figure>\n\n\n\n<h4 class=\"wp-block-heading has-text-align-center\">Birce<br>\u00c7a\u011fla\u015fan<\/h4>\n\n\n\n<p class=\"has-text-align-center\">Product Developer<\/p>\n<\/div>\n\n\n\n<div class=\"wp-block-column is-layout-flow wp-block-column-is-layout-flow\">\n<figure class=\"wp-block-image size-large is-resized\"><img loading=\"lazy\" decoding=\"async\" src=\"http:\/\/ge401-402.bilkent.edu.tr\/falafel\/wp-content\/uploads\/2023\/04\/WhatsApp-Image-2023-04-28-at-14.50.20-1-1-e1682683957110-928x1024.jpeg\" alt=\"\" class=\"wp-image-123\" width=\"255\" height=\"281\" srcset=\"http:\/\/ge401-402.bilkent.edu.tr\/falafel\/wp-content\/uploads\/2023\/04\/WhatsApp-Image-2023-04-28-at-14.50.20-1-1-e1682683957110-928x1024.jpeg 928w, http:\/\/ge401-402.bilkent.edu.tr\/falafel\/wp-content\/uploads\/2023\/04\/WhatsApp-Image-2023-04-28-at-14.50.20-1-1-e1682683957110-272x300.jpeg 272w, http:\/\/ge401-402.bilkent.edu.tr\/falafel\/wp-content\/uploads\/2023\/04\/WhatsApp-Image-2023-04-28-at-14.50.20-1-1-e1682683957110-768x847.jpeg 768w, http:\/\/ge401-402.bilkent.edu.tr\/falafel\/wp-content\/uploads\/2023\/04\/WhatsApp-Image-2023-04-28-at-14.50.20-1-1-e1682683957110-1393x1536.jpeg 1393w, http:\/\/ge401-402.bilkent.edu.tr\/falafel\/wp-content\/uploads\/2023\/04\/WhatsApp-Image-2023-04-28-at-14.50.20-1-1-e1682683957110.jpeg 1536w\" sizes=\"(max-width: 255px) 100vw, 255px\" \/><\/figure>\n\n\n\n<h4 class=\"wp-block-heading has-text-align-center\">Fatma G\u00f6zde<br>G\u00fcliter<\/h4>\n\n\n\n<p class=\"has-text-align-center\">Product Developer<\/p>\n<\/div>\n<\/div>\n","protected":false},"excerpt":{"rendered":"<p>Hande Or Strategy &amp; Business Development Responsible Utku Duruer Strategy &amp; Business Development Responsible Taha Bahad\u0131rErayman Strategy &amp; Business Development Responsible Ahmet TunaBaykal Product Developer Birce\u00c7a\u011fla\u015fan Product Developer Fatma G\u00f6zdeG\u00fcliter Product Developer<\/p>\n","protected":false},"author":1,"featured_media":0,"parent":0,"menu_order":0,"comment_status":"closed","ping_status":"closed","template":"","meta":{"_uag_custom_page_level_css":"","footnotes":""},"uagb_featured_image_src":{"full":false,"thumbnail":false,"medium":false,"medium_large":false,"large":false,"1536x1536":false,"2048x2048":false,"post-thumbnail":false},"uagb_author_info":{"display_name":"siteadmin","author_link":"http:\/\/ge401-402.bilkent.edu.tr\/falafel\/?author=1"},"uagb_comment_info":0,"uagb_excerpt":"Hande Or Strategy &amp; Business Development Responsible Utku Duruer Strategy &amp; Business Development Responsible Taha Bahad\u0131rErayman Strategy &amp; Business Development Responsible Ahmet TunaBaykal Product Developer Birce\u00c7a\u011fla\u015fan Product Developer Fatma G\u00f6zdeG\u00fcliter Product Developer","_links":{"self":[{"href":"http:\/\/ge401-402.bilkent.edu.tr\/falafel\/index.php?rest_route=\/wp\/v2\/pages\/17"}],"collection":[{"href":"http:\/\/ge401-402.bilkent.edu.tr\/falafel\/index.php?rest_route=\/wp\/v2\/pages"}],"about":[{"href":"http:\/\/ge401-402.bilkent.edu.tr\/falafel\/index.php?rest_route=\/wp\/v2\/types\/page"}],"author":[{"embeddable":true,"href":"http:\/\/ge401-402.bilkent.edu.tr\/falafel\/index.php?rest_route=\/wp\/v2\/users\/1"}],"replies":[{"embeddable":true,"href":"http:\/\/ge401-402.bilkent.edu.tr\/falafel\/index.php?rest_route=%2Fwp%2Fv2%2Fcomments&post=17"}],"version-history":[{"count":17,"href":"http:\/\/ge401-402.bilkent.edu.tr\/falafel\/index.php?rest_route=\/wp\/v2\/pages\/17\/revisions"}],"predecessor-version":[{"id":153,"href":"http:\/\/ge401-402.bilkent.edu.tr\/falafel\/index.php?rest_route=\/wp\/v2\/pages\/17\/revisions\/153"}],"wp:attachment":[{"href":"http:\/\/ge401-402.bilkent.edu.tr\/falafel\/index.php?rest_route=%2Fwp%2Fv2%2Fmedia&parent=17"}],"curies":[{"name":"wp","href":"https:\/\/api.w.org\/{rel}","templated":true}]}}